t is the hundreds digit of 221552?
5
What is the ten thousands digit of 17727?
1
What is the tens digit of 14383928?
2
What is the thousands digit of 4883445?
3
What is the units digit of 221186?
6
What is the thousands digit of 14947890?
7
What is the ten millions digit of 10377318?
1
What is the units digit of 1009335?
5
What is the ten thousands digit of 8516436?
1
What is the hundreds digit of 1701553?
5
What is the thousands digit of 228745?
8
What is the hundreds digit of 130621?
6
What is the ten thousands digit of 13404083?
0
What is the tens digit of 8773292?
9
What is the thousands digit of 728596?
8
What is the hundreds digit of 1795115?
1
What is the millions digit of 1080997?
1
What is the thousands digit of 971806?
1
What is the units digit of 17723?
3
What is the thousands digit of 4094786?
4
What is the tens digit of 11694444?
4
What is the thousands digit of 3571707?
1
What is the millions digit of 9788496?
9
What is the units digit of 6668963?
3
What is the thousands digit of 86777?
6
What is the units digit of 18296830?
0
What is the units digit of 11751116?
6
What is the tens digit of 6951231?
3
What is the thousands digit of 612273?
2
What is the hundred thousands digit of 2574979?
5
What is the hundreds digit of 662534?
5
What is the ten thousands digit of 40117?
4
What is the units digit of 32608?
8
What is the millions digit of 1017561?
1
What is the thousands digit of 233377?
3
What is the hundreds digit of 223937?
9
What is the ten thousands digit of 30361191?
6
What is the ten thousands digit of 2063090?
6
What is the ten millions digit of 13621025?
1
What is the thousands digit of 768350?
8
What is the tens digit of 996256?
5
What is the tens digit of 2110366?
6
What is the ten thousands digit of 553937?
5
What is the thousands digit of 112162?
2
What is the hundred thousands digit of 3049490?
0
What is the units digit of 85984?
4
What is the hundreds digit of 52228?
2
What is the millions digit of 11388676?
1
What is the hundred thousands digit of 697845?
6
What is the units digit of 280589?
9
What is the tens digit of 1100323?
2
What is the ten thousands digit of 1693693?
9
What is the hundreds digit of 256466?
4
What is the ten millions digit of 19877514?
1
What is the millions digit of 2312956?
2
What is the tens digit of 134914?
1
What is the thousands digit of 5730165?
0
What is the hundreds digit of 726531?
5
What is the units digit of 147252?
2
What is the thousands digit of 4102858?
2
What is the hundred thousands digit of 213661?
2
What is the hundred thousands digit of 151079?
1
What is the units digit of 2771977?
7
What is the hundred thousands digit of 399490?
3
What is the tens digit of 36220729?
2
What is the millions digit of 3309444?
3
What is the ten thousands digit of 214976?
1
What is the ten thousands digit of 340146?
4
What is the hundred thousands digit of 2759624?
7
What is the units digit of 196186?
6
What is the ten thousands digit of 61055?
6
What is the hundreds digit of 2297944?
9
What is the hundred thousands digit of 116682?
1
What is the hundreds digit of 269716?
7
What is the hundreds digit of 37020?
0
What is the thousands digit of 72430?
2
What is the hundred thousands digit of 5390843?
3
What is the ten thousands digit of 10233451?
3
What is the tens digit of 1774005?
0
What is the ten thousands digit of 104587?
0
What is the tens digit of 206122?
2
What is the thousands digit of 485618?
5
What is the thousands digit of 627013?
7
What is the millions digit of 13532777?
3
What is the ten thousands digit of 9550193?
5
What is the thousands digit of 41731?
1
What is the units digit of 7900803?
3
What is the millions digit of 1760963?
1
What is the thousands digit of 10229332?
9
What is the ten thousands digit of 93244?
9
What is the hundreds digit of 68905?
9
What is the units digit of 965612?
2
What is the hundred thousands digit of 561317?
5
What is the hundred thousands digit of 214797?
2
What is the units digit of 337675?
5
What is the tens digit of 103757?
5
What is the tens digit of 36312?
1
What is the tens digit of 4505624?
2
What is the ten thousands digit of 267220?
6
What is the millions digit of 5960895?
5
What is the thousands digit of 696612?
6
What is the units digit of 321389?
9
What is the tens digit of 74471?
7
What is the hundreds digit of 1223564?
5
What is the tens digit of 332894?
9
What is the tens digit of 506576?
7
What is the thousands digit of 70177?
0
What is the hundred thousands digit of 760588?
7
What is the millions digit of 2980657?
2
What is the tens digit of 11791630?
3
What is the millions digit of 4082086?
4
What is the ten thousands digit of 244619?
4
What is the hundred thousands digit of 10355901?
3
What is the hundred thousands digit of 28528172?
5
What is the millions digit of 1309671?
1
What is the thousands digit of 764576?
4
What is the ten thousands digit of 432761?
3
What is the units digit of 22249807?
7
What is the thousands digit of 500540?
0
What is the ten thousands digit of 2516425?
1
What is the hundreds digit of 99934?
9
What is the thousands digit of 12167000?
7
What is the units digit of 3261201?
1
What is the ten millions digit of 20371347?
2
What is the thousands digit of 360742?
0
What is the hundred thousands digit of 139005?
1
What is the thousands digit of 16824281?
4
What is the thousands digit of 1278252?
8
What is the thousands digit of 8755504?
5
What is the thousands digit of 575441?
5
What is the hundred thousands digit of 7592814?
5
What is the ten thousands digit of 1537735?
3
What is the ten thousands digit of 271421?
7
What is the millions digit of 4489602?
4
What is the units digit of 5322741?
1
What is the thousands digit of 3629202?
9
What is the tens digit of 599307?
0
What is the ten thousands digit of 145612?
4
What is the hundreds digit of 16421325?
3
What is the units digit of 75817?
7
What is the ten thousands digit of 4205778?
0
What is the hundred thousands digit of 573543?
5
What is the hundred thousands digit of 1857971?
8
What is the hundred thousands digit of 266285?
2
What is the units digit of 9581131?
1
What is the tens digit of 16565939?
3
What is the ten thousands digit of 8244551?
4
What is the hundred thousands digit of 1395939?
3
What is the tens digit of 237116?
1
What is the units digit of 3533353?
3
What is the ten thousands digit of 159993?
5
What is the ten millions digit of 15681932?
1
What is the tens digit of 6739514?
1
What is the units digit of 100486?
6
What is the thousands digit of 1717754?
7
What is the hundred thousands digit of 485714?
4
What is the ten thousands digit of 298932?
9
What is the hundreds digit of 427301?
3
What is the units digit of 336233?
3
What is the hundred thousands digit of 1238455?
2
What is the thousands digit of 682919?
2
What is the hundreds digit of 313029?
0
What is the millions digit of 17265326?
7
What is the millions digit of 1168673?
1
What is the tens digit of 3613457?
5
What is the units digit of 3975422?
2
What is the hundred thousands digit of 1173794?
1
What is the tens digit of 16414166?
6
What is the ten thousands digit of 771817?
7
What is the millions digit of 2414329?
2
What is the ten thousands digit of 13495103?
9
What is the thousands digit of 7321581?
1
What is the thousands digit of 421177?
1
What is the units digit of 4416432?
2
What is the hundred thousands digit of 3202713?
2
What is the hundreds digit of 1083041?
0
What is the units digit of 1445861?
1
What is the thousands digit of 258319?
8
What is the millions digit of 5769119?
5
What is the hundreds digit of 12841394?
3
What is the thousands digit of 3323119?
3
What is the tens digit of 7536850?
5
What is the tens digit of 511441?
4
What is the millions digit of 4207862?
4
What is the hundred thousands digit of 342867?
3
What is the thousands digit of 2422461?
2
What is the millions digit of 1025172?
1
What is the thousands digit of 786409?
6
What is the millions digit of 3258313?
3
What is the ten thousands digit of 5235674?
3
What is the hundreds digit of 125166?
1
What is the thousands digit of 177462?
7
What is the hundred thousands digit of 1096674?
0
What is the units digit of 333394?
4
What is the units digit of 582026?
6
What is the ten thousands digit of 2